1
Let q(x) = -x**3 + 9*x**2 + 8*x - 50. What is q(9)?
22
Let o(c) = 12*c + 231. Calculate o(-19).
3
Let y(d) = d**3 + 24*d**2 - 3*d - 75. What is y(-24)?
-3
Let z(v) = -4*v**2 + 3. Determine z(2).
-13
Let w(s) = 25*s**2 - 12*s + 1. Give w(2).
77
Let m(p) = p**3 + 7*p**2 + 6*p - 1. Give m(-7).
-43
Let x(o) = -6*o**3 - o**2 + 2*o. Give x(1).
-5
Let d(p) = p**2 + 11*p. What is d(-11)?
0
Let y(g) = -g**3 + 4*g**2 - g + 4. Give y(4).
0
Let k(c) = -c + 22. Give k(16).
6
Let j(b) = -18*b**2 + b + 3. Determine j(2).
-67
Let g(b) = -b**3 - 7*b**2 - 9*b - 9. Give g(-6).
9
Let m(g) = g - 25. What is m(-5)?
-30
Let l(y) = -5*y - 5. Give l(-3).
10
Let q(p) = 4*p + 36. What is q(-14)?
-20
Let y(o) = 2*o**2 + 6*o + 8. Calculate y(-2).
4
Let k(w) = 7*w**3 + 4*w**2 - 7*w + 4. Calculate k(1).
8
Let s(r) = 2*r**2 - 9*r - 2. What is s(5)?
3
Let p(q) = q**3 + 12*q**2 + q + 3. Calculate p(-12).
-9
Let i(o) = o**2 - 9. What is i(6)?
27
Let r(p) = p**3 - 19*p**2 - 42*p - 20. Give r(21).
-20
Let t(k) = -k**3 + 11*k**2 + 14*k + 7. What is t(12)?
31
Let r(h) = -h**3 - 13*h**2 - 15*h - 17. Give r(-12).
19
Let f(i) = i**2 - 20*i + 27. What is f(20)?
27
Let l(q) = -q**2 - 2*q + 6. What is l(0)?
6
Let j(m) = -5*m + 48. Determine j(13).
-17
Let d(f) = f**3 + 4*f**2 - 5*f + 6. What is d(-5)?
6
Let j(g) = 8*g**3 + g**2. Give j(-1).
-7
Let z(h) = -35*h**2 + 4*h - 2. What is z(1)?
-33
Let i(b) = b**3 + 6*b**2 + 3*b + 6. Determine i(-6).
-12
Let u(c) = 15*c**3 - c**2 - 5*c + 7. What is u(1)?
16
Let o(u) = 11*u**2 - 32*u + 67. Determine o(2).
47
Let s(u) = -2*u - 12. Give s(-8).
4
Let z(r) = r**3 - 2*r**2 + 8*r - 10. Determine z(4).
54
Let z(d) = d**2 - 10*d + 5. What is z(9)?
-4
Let d(s) = -s**2 + 3*s - 41. Give d(0).
-41
Let k(y) = -7*y + 1. Give k(-2).
15
Let f(g) = -4*g**2 + 7*g - 1. What is f(2)?
-3
Let u(g) = 2*g - 39. Calculate u(4).
-31
Let i(x) = x**2 + x - 79. Determine i(0).
-79
Let l(r) = -15*r + 92. What is l(6)?
2
Let u(q) = -2*q**2 + 25*q - 7. Determine u(0).
-7
Let v(d) = 13*d**3 - 4*d**2 + 3. What is v(1)?
12
Let u(p) = -p + 5. Determine u(-1).
6
Let t(g) = g**3 + 8*g**2 + 8*g. What is t(-7)?
-7
Let f(q) = -q**3 - 10*q**2 + 5*q - 27. Determine f(-11).
39
Let k(r) = -r**3 - 11*r**2 + 13*r + 13. What is k(-12)?
1
Let y(h) = -h**2 - 21*h - 15. Give y(-13).
89
Let t(g) = -4*g - 4. Calculate t(7).
-32
Let l(q) = q**3 - 7*q**2 - 7*q - 7. Calculate l(8).
1
Let h(n) = -2*n + 47. Give h(18).
11
Let b(v) = v - 2. Determine b(0).
-2
Let v(g) = g**3 + g - 2. Determine v(-2).
-12
Let w(i) = 2*i**2 + 30*i + 23. Give w(-14).
-5
Let r(q) = -q**3 - 6*q**2 + q - 13. What is r(-7)?
29
Let y(c) = 2*c + 3. Calculate y(1).
5
Let r(j) = -j**3 + 10*j**2 + 25*j - 18. Calculate r(12).
-6
Let o(h) = -h - 5. What is o(0)?
-5
Let i(n) = n + 1. Determine i(6).
7
Let c(u) = -3*u - 9. Calculate c(3).
-18
Let r(w) = 10*w - 243. Determine r(25).
7
Let m(n) = -n + 59. Calculate m(8).
51
Let z(t) = -16*t - 875. Determine z(-54).
-11
Let l(j) = j**2 - 27*j + 7. Calculate l(20).
-133
Let d(a) = a**3 + 7*a**2 - 5*a - 14. Calculate d(-7).
21
Let n(k) = 18*k - 9. Calculate n(-4).
-81
Let o(k) = -k**3 - k**2 - 6*k - 5. Calculate o(-2).
11
Let h(c) = 29*c - 16. Give h(3).
71
Let g(f) = -f**2 + 22*f + 46. Calculate g(24).
-2
Let h(g) = 3*g**2 - 6*g. Determine h(5).
45
Let g(d) = 11*d + 8. Give g(-1).
-3
Let m(t) = -t**2 + 7*t + 2. What is m(8)?
-6
Let j(i) = -i + 15. Determine j(-4).
19
Let y(j) = -j**3 - 3*j**2 + 4*j. Calculate y(-4).
0
Let w(o) = 5*o - 15. Calculate w(-3).
-30
Let b(v) = 6*v + 119. Give b(-19).
5
Let h(s) = 2*s**2 + 52*s + 23. Give h(-26).
23
Let i(s) = 16*s + 4. Give i(1).
20
Let r(c) = c**3 + 81*c**2 + 161*c + 232. Give r(-79).
-5
Let d(p) = p**3 - 7*p**2 - 23*p - 6. Determine d(10).
64
Let k(h) = 4*h - 11. Determine k(1).
-7
Let k(i) = 3*i - 50. Calculate k(13).
-11
Let c(d) = 6*d - 79. Determine c(11).
-13
Let x(o) = -o**3 - 5*o**2 + 7*o + 5. Calculate x(-5).
-30
Let w(n) = -3*n - 11. What is w(5)?
-26
Let i(g) = 15*g + 220. What is i(-15)?
-5
Let w(z) = -6*z - 54. Calculate w(-8).
-6
Let u(n) = -n**3 + 15*n**2 - 52*n - 12. Determine u(9).
6
Let y(m) = -m**3 - 11*m**2 - m + 24. Give y(-11).
35
Let l(x) = -x**3 + 2*x. Give l(-2).
4
Let z(d) = d**2 - 21*d + 15. Give z(20).
-5
Let o(u) = -u**3 + 5*u**2 + 14*u - 10. Determine o(7).
-10
Let r(q) = q**3 - q**2 - 2*q + 12. Calculate r(0).
12
Let r(z) = z - 2. Give r(-3).
-5
Let k(h) = -2*h**2 + 6*h + 8. Give k(7).
-48
Let s(j) = j**3 + 16*j**2 - 37*j + 8. Calculate s(-18).
26
Let n(o) = -8*o**2 - 102*o - 16. What is n(-13)?
-42
Let s(l) = l**2 + 20*l - 2. Give s(-20).
-2
Let o(q) = 2*q**2 + 20*q - 6. Calculate o(-10).
-6
Let o(h) = 8*h**3 - 2*h**2 + 1. Give o(-1).
-9
Let v(d) = -d**3 + 6*d**2 + 5*d - 1. What is v(7)?
-15
Let p(j) = -48*j + 15. Give p(2).
-81
Let t(u) = -u**2 - 7*u - 9. What is t(-10)?
-39
Let q(c) = -c**3 + 6*c**2 - 2*c - 6. What is q(6)?
-18
Let b(h) = h**3 + 6*h**2 - 4*h - 21. Calculate b(-6).
3
Let f(r) = -r**3 + 4*r**2 + 2*r - 3. Determine f(2).
9
Let x(k) = k**3 + 9*k**2 - 12*k - 11. Give x(-10).
9
Let x(c) = 3*c - 24. Determine x(8).
0
Let u(k) = 2*k**3 - 12*k**2 - 7*k - 42. Calculate u(7).
7
Let t(b) = -2*b**2 - 1. Give t(2).
-9
Let y(p) = -p**3 + 2*p**2 + 9*p. Give y(4).
4
Let m(h) = h**2 - 19*h + 22. What is m(17)?
-12
Let d(x) = -x**2 + x - 28. Determine d(0).
-28
Let s(t) = -2*t**2 + 26*t - 27. What is s(12)?
-3
Let s(a) = -4*a**2 - 4*a + 1. Determine s(-2).
-7
Let q(z) = -z**2 - 4*z + 4. Give q(-5).
-1
Let s(b) = -2*b**3 + 2*b**2 + 2*b - 2. Calculate s(1).
0
Let m(f) = -9*f + 12. Give m(4).
-24
Let n(z) = z**3 + 4*z**2 + 4*z + 1. Calculate n(-3).
-2
Let d(o) = -13*o - 1. Determine d(-1).
12
Let f(n) = -3*n + 10. Calculate f(2).
4
Let a(d) = -117*d**2 + 5*d + 1. Determine a(-1).
-121
Let u(r) = r**3 + r**2 + r. Calculate u(0).
0
Let l(c) = -c**2 + 6*c + 13. Calculate l(6).
13
Let j(k) = 12*k + 234. Give j(-22).
-30
Let v(r) = -r**3 + 8*r**2 + 4*r + 13. Determine v(9).
-32
Let j(b) = -b - 2. Give j(-1).
-1
Let o(i) = -i**3 - 18*i**2 + 20*i + 56. Calculate o(-19).
37
Let y(c) = -c**3 - 10*c**2 + 7*c - 10. Determine y(-10).
-80
Let z(t) = -t**3 + 8*t**2 + 7*t + 10. Determine z(7).
108
Let v(t) = 2*t**3 + 3*t**2 - 5*t + 2. Calculate v(2).
20
Let g(a) = -2*a**2 - 5*a + 12. What is g(-6)?
-30
Let g(a) = -26*a - 3. What is g(3)?
-81
Let i(x) = x**3 + x**2 + 6. Calculate i(0).
6
Let h(s) = 9*s - 21. Calculate h(2).
-3
Let i(d) = d**2 - 8*d - 39. Determine i(12).
9
Let g(p) = p**2 + 14*p - 22. Calculate g(-15).
-7
Let w(l) = -3*l**2 - 2*l + 2. Determine w(-2).
-6
Let b(h) = -203*h + 11. Calculate b(1).
-192
Let g(s) = s**2 + 36*s + 104. Give g(-33).
5
Let q(p) = 4*p + 77. Calculate q(-25).
-23
Let l(o) = o**3 - 5*o**2 + 6*o - 2. Calculate l(3).
-2
Let a(q) = 4*q - 167. Determine a(41).
-3
Let b(a) = 2*a**3 + 17*a**2 + 4*a - 50. What is b(-8)?
-18
Let j(f) = f**2 - 20*f - 29. What is j(21)?
-8
Let q(u) = -2*u - 108. Calculate q(-58).
8
Let r(p) = 13*p - 322. Give r(25).
3
Let o(q) = q**2 - 4*q - 3. What is o(-2)?
9
Let b(g) = 26*g - 780. Calculate b(30).
0
Let c(x) = 3*x**3 + 47*x**2 - 20*x - 59. What is c(-16)?
5
Let g(m) = -8*m + 138. Give g(18).
-6
Let w(q) = -q**3 - q**2 + 2*q + 4. Give w(-3).
16
Let k(i) = -i**3 + 7*i**2 + 7*i + 5. Determine k(8).
-3
Let i(c) = -4*c**2 + 2*c - 2. What is i(3)?
-32
Let z(o) = 2*o**2 + 27*o - 8. Calculate z(-14).
6
Let k(o) = -2*o. What is k(9)?
-18
Let u(s) = s**3 + 12*s**2 + 7*s - 12. Determine u(-12).
-96
Let y(u) = 2*u**2 + 15*u - 37. Calculate y(6).
125
Let m(y) = y**2 - 29*y + 208. Determine m(16).
0
Let t(r) = -2*r**3. Determine t(3).
-54
Let d(x) = 2*x**2 + 14*x + 15. Determine d(-6).
3
Let x(b) = b**2 + 3*b - 7. Determine x(0).
-7
Let s(v) = -v**3 - 14*v**2 - 8*v + 15. What is s(-14)?
127
Let g(r) = -18*r - 87. Calculate g(-5).
3
Let j(s) = -s**3 + 6*s**2 - 3*s - 9. Calculate j(5).
1
Let a(x) = -x**2 - 9*x - 7. Calculate a(-6).
11
Let x(w) = 27*w - 8. What is x(3)?
73
Let i(b) = 2*b**3 - 8*b**2 - 18*b - 39. Calculate i(6).
-3
Let l(m) = 5*m. What is l(3)?
15
Let s(i) = i**2 - 18*i + 33. Determine s(13).
-32
Let f(v) = v**3 - 7*v**2 - 10*v - 2. Give f(8).
-18
Let x(n) = -2*n**2 - 5*n + 9. Give x(-4).
-3
Let h(s) = -10*s + 919. Calculate h(92).
-1
Let g(y) = 64*y**2 - 1. What